 38, 0 = -3*g + 2*f + 386. Let l = 56 + -40. What is the highest common factor of g and l?
16
Let z = 298 + -213. Let a = 0 + 3. Suppose 2*k - 9 = w - 2*w, a*w - 67 = 4*k. Calculate the highest common factor of w and z.
17
Let t = -103 - -153. What is the highest common factor of t and 20?
10
Let n(k) = 35*k + 2. Let l be n(-5). Let z = -124 - l. What is the greatest common divisor of 7 and z?
7
Let q be (-6)/(-4)*(-24)/(-4). Let p be 35 - (2 + -5 + 2). What is the greatest common factor of p and q?
9
Suppose 10*v + 20 = 11*v. What is the greatest common divisor of v and 5?
5
Suppose 570 = -2*z + 7*z - 5*a, 2*a - 10 = 0. Calculate the greatest common factor of 17 and z.
17
Let s = 20 - 4. Calculate the greatest common divisor of 8 and s.
8
Suppose 5*c + 296 = 2*w, 48 = -2*w - 3*c + 360. Calculate the greatest common divisor of w and 17.
17
Let n(b) = -b**2 + 10*b + 6. Let t be n(8). Calculate the highest common divisor of t and 11.
11
Suppose -f - 16 = -38. What is the greatest common divisor of f and 33?
11
Suppose -o + 4*a = -24, o + 5*a + 45 = 6*o. Let p = 7 - -25. Calculate the highest common factor of p and o.
4
Let c(h) = h + 14. Let q be (-14)/(-3)*24/14. Let k be c(q). Let x = 2 - 0. Calculate the highest common divisor of k and x.
2
Suppose y = -0*y. Suppose y = 4*t + 11 - 99. What is the greatest common divisor of 11 and t?
11
Let x(u) = -6*u - 14. Let t be x(-4). Let a be 5 + (-1 - (-1 + 1)). What is the greatest common factor of t and a?
2
Suppose -z + 5 + 0 = 0. Let n be z/(38/18 - 2). Let k be n/6*(-4)/(-5). Calculate the highest common divisor of 15 and k.
3
Suppose h - 10 = 2*u - 0*h, -h = 0. Let m be (-57)/u - 21/(-35). Let q be (1 - -1)/(1/2). Calculate the greatest common factor of m and q.
4
Suppose 0 = 5*c - 4*v + 271, -3*c - 141 = -0*c + 3*v. Let o = c - -83. Calculate the highest common factor of o and 4.
4
Let m(t) = -t**3 - 9*t**2 - 16*t - 10. Let r be m(-7). What is the highest common factor of r and 20?
4
Let q(g) = -28*g. Let k = -14 + 12. Let d be q(k). Calculate the highest common factor of d and 14.
14
Suppose i - 4*i = -s + 13, -4*s + 69 = 5*i. Let u(y) = -y + 48. Let o be u(0). Calculate the highest common divisor of o and s.
16
Suppose 3*t + 2*t = 5*m - 170, 2*t - 106 = -4*m. What is the greatest common factor of 203 and m?
29
Suppose -3*m = -15, 2*p - 4*m + 3 = m. Let b be 1*(-1)/1*-1. What is the highest common divisor of b and p?
1
Suppose -24 = -3*z - 5*u, 0 = 5*u - 14 - 1. Let s = 1 - 0. Calculate the highest common divisor of s and z.
1
Let q be ((-280)/(-25))/((-1)/(-10)). Suppose -44 = -3*d - v, 5*d - 3*v - 68 = -2*v. What is the greatest common divisor of d and q?
14
Suppose 416 = 5*b + 31. Let s = -74 + 46. Let a = b - s. Calculate the greatest common divisor of 15 and a.
15
Let b(r) = 2*r**2 - 4. Let w be b(-3). Calculate the highest common divisor of 14 and w.
14
Let l be 2/((-6)/(-4) - (-2)/4). What is the greatest common factor of l and 5?
1
Let a(q) be the third derivative of q**6/30 - q**5/60 - q**4/24 + 2*q**2. Let v be a(2). Suppose 2*m + 8 = v. Calculate the greatest common factor of m and 27.
9
Let w = 90 + -78. Calculate the greatest common divisor of 16 and w.
4
Let x = 68 + 58. Let y(j) = 10*j - 1. Let c be y(1). Let b = c + 5. What is the highest common divisor of b and x?
14
Suppose -64 = -4*a + a - 2*p, -2*a + 56 = -2*p. Calculate the greatest common factor of a and 36.
12
Let i be 28*(-2)/(-4)*4. Suppose 2*l = -2*l + i. What is the highest common divisor of l and 98?
14
Let g = -4 + 11. What is the highest common factor of g and 35?
7
Let y be 20/5*(-17)/(-2). Calculate the highest common divisor of y and 51.
17
Suppose -114 = 5*k - 11*k. What is the highest common factor of 57 and k?
19
Suppose m + 7 = -5*t, 2*m + 5*t - 18 = -7. What is the greatest common divisor of 9 and m?
9
Suppose 5*k = 70 - 0. Let z = k - 8. Let a be (5/(-2) - -2)*-4. Calculate the greatest common divisor of z and a.
2
Let j = 6 - -36. Let g be (6/(-4))/((-3)/j). What is the highest common factor of g and 63?
21
Let w(u) = -6*u + 6*u + 7*u - 10. Let b be w(4). Calculate the greatest common factor of 144 and b.
18
Let r = -12 + 18. Calculate the greatest common factor of r and 2.
2
Let s(w) = 33*w**2 + 1. Let g = -4 + 5. Let x be s(g). Suppose -367 = -5*p + 3*m + 61, 3*m + 88 = p. What is the greatest common factor of p and x?
17
Suppose 4*k + 2*p - 246 = 0, -4*k - 237 = -8*k + p. Calculate the greatest common divisor of 6 and k.
6
Suppose z - 3 - 2 = 0. Suppose 36 = z*n - 2*n. What is the highest common factor of n and 12?
12
Let s(x) = 3*x**2 - 4 - 2*x**2 + x + 0*x**2 - 2. Let f be s(4). Suppose -2*j = 2*i - 63 - 51, 4 = 4*i. Calculate the greatest common factor of j and f.
14
Suppose -5*a + 4 = -1. Let y(h) = h**3 - 2*h + 1. Let c be y(a). Suppose c = -4*w - w + 25. Calculate the highest common factor of 55 and w.
5
Suppose 648 = 4*l - 4*s, s - 2 = -0*s. Suppose 4*j - 5*u = l, u + 0*u = -4. Suppose 0 = -0*g - 2*g + 8. What is the greatest common divisor of j and g?
4
Let r be (-522)/6*(0 - (-1)/(-3)). Calculate the highest common factor of r and 58.
29
Let o be (516/10)/((-33)/(-110)). Let v = o + -68. What is the greatest common factor of 13 and v?
13
Let y be (-10)/5*(-30)/4. What is the greatest common divisor of 5 and y?
5
Let f = -3 - -5. Suppose -r + f = -2. Suppose -542 = -r*a - 94. Calculate the greatest common divisor of 14 and a.
14
Let y be ((-1)/(-2))/(2/36). Let h = 16 + -6. Let c(q) = 2*q - 11. Let r be c(h). What is the highest common divisor of r and y?
9
Suppose -2 = 2*w - 0, 5*y - 9 = 4*w. Let s(z) = 5*z**2 + 2*z - 1. Let d be s(y). Suppose -2*m = m - d. What is the highest common factor of m and 22?
2
Suppose 4*l - 2*l + 5*z = -3, 0 = 4*l - 2*z - 54. Calculate the greatest common factor of l and 33.
11
Let u(w) = -w**3 + 8*w**2 - 5*w - 4. Suppose 2*h - 7 = d, -h - 3*d + d - 9 = 0. Let v = 6 + h. Let q be u(v). What is the greatest common factor of 30 and q?
10
Suppose -3*w = 2*i - 4*w, 5*i - w = 0. Suppose s - 3 - 9 = i. Suppose a - s = -a. Calculate the highest common factor of a and 54.
6
Suppose -10 = -5*y - 4*u, -4*y + 3 = -2*u - 5. Suppose 0 = y*a - 60 - 24. Calculate the highest common divisor of a and 7.
7
Let o be 222/3 + -2 - 1. Let m = 107 - o. Calculate the highest common divisor of 12 and m.
12
Let l(v) = 4*v - 1. Let p = -3 + 8. Suppose p*q = 7 + 8. Let j be l(q). What is the highest common factor of j and 1?
1
Suppose -4*l - 20 = 4*o, -2*o + l + 5 + 0 = 0. Let s be o - ((3 - 2) + 2). Let q = 4 - s. Calculate the greatest common factor of q and 1.
1
Let a = 82 - 52. What is the highest common divisor of a and 10?
10
Let y = 25 + -7. Calculate the greatest common divisor of 6 and y.
6
Let k be 0*(0 - 2/(-4)). Let z(b) be the third derivative of -b**6/120 + b**5/60 + b**3 - b**2. Let o be z(k). What is the highest common divisor of 48 and o?
6
Let p(t) = -t**2 + 17*t + 20. Let f be p(13). Calculate the greatest common factor of 432 and f.
72
Let a = -16 - -13. Let i be (9 - (a - -2)) + -3. What is the greatest common factor of i and 28?
7
Let l be 6/(-12) - (-38)/4. Suppose -g - 2*n = -0*g - 22, 0 = -2*g + 3*n + l. Suppose 5*y - 384 = y. Calculate the greatest common divisor of g and y.
12
Suppose -440 = -4*m + 512. Calculate the greatest common factor of m and 34.
34
Suppose 5*a + 38 = f - 12, f = -4*a + 14. What is the greatest common factor of f and 6?
6
Suppose s + 4*g - 7 = 0, -s + 3*g = 5*g - 5. Let a = -50 + 28. Let h be 1/4 + a/(-8). Calculate the highest common divisor of h and s.
3
Let f(z) = z + 2. Let r(t) = t**3 - 9*t**2 - 11*t + 12. Let h be r(10). Let m be 2 + (3 - h)/1. Let i be f(m). What is the highest common factor of i and 2?
1
Let g = -6 - -10. Let y be (-24)/132 + 46/11. Calculate the highest common factor of g and y.
4
Suppose 0*u - 3*u + 729 = 0. Calculate the greatest common divisor of 27 and u.
27
Let t be (36 - 1)*(-24)/(-10). Suppose -3*y = -6 - 6. Suppose -m - 34 = -3*u, -3*u + y = -5*m - 22. What is the highest common factor of u and t?
12
Suppose -36*x = -41*x + 25. Calculate the greatest common divisor of x and 45.
5
Suppose 4*w - 570 = -z, 3*w - 4*z = -z + 420. Let u = -127 + 45. Let m = u + w. What is the highest common divisor of m and 24?